 greatest common divisor of 1159 and 488?
61
Calculate the highest common factor of 1111 and 11.
11
Calculate the greatest common divisor of 29 and 11.
1
What is the highest common divisor of 688 and 16?
16
Calculate the greatest common factor of 925 and 407.
37
Calculate the highest common factor of 6 and 606.
6
What is the highest common factor of 203 and 21?
7
What is the greatest common divisor of 31161 and 102?
51
Calculate the greatest common factor of 180 and 9.
9
What is the greatest common divisor of 70 and 9184?
14
Calculate the highest common divisor of 236 and 295.
59
What is the greatest common factor of 6 and 28?
2
Calculate the highest common factor of 36 and 5844.
12
Calculate the highest common divisor of 105 and 35.
35
Calculate the highest common divisor of 56 and 308.
28
What is the greatest common divisor of 60 and 1020?
60
Calculate the highest common factor of 889 and 7.
7
Calculate the greatest common factor of 5321 and 17.
17
What is the greatest common factor of 120 and 390?
30
Calculate the greatest common factor of 882 and 98.
98
Calculate the highest common divisor of 12 and 28.
4
Calculate the highest common factor of 553 and 21.
7
Calculate the greatest common divisor of 26 and 2171.
13
Calculate the highest common factor of 4 and 43.
1
What is the greatest common factor of 234 and 208?
26
What is the highest common factor of 1317 and 27?
3
What is the highest common divisor of 31605 and 105?
105
Calculate the highest common divisor of 111 and 41403.
111
What is the highest common divisor of 22068 and 36?
36
Calculate the greatest common divisor of 80 and 4272.
16
Calculate the highest common factor of 232 and 136.
8
Calculate the greatest common divisor of 216 and 13284.
108
What is the highest common factor of 754 and 52?
26
Calculate the highest common divisor of 208 and 299.
13
Calculate the highest common factor of 45 and 255.
15
What is the highest common factor of 165 and 60?
15
Calculate the greatest common factor of 1037 and 170.
17
What is the highest common divisor of 672 and 2716?
28
What is the greatest common divisor of 1008 and 21?
21
What is the highest common divisor of 10 and 176570?
10
What is the highest common factor of 13 and 1157?
13
What is the greatest common divisor of 225 and 6?
3
What is the highest common divisor of 196 and 490?
98
Calculate the greatest common divisor of 26 and 468.
26
Calculate the highest common factor of 84 and 732.
12
What is the highest common factor of 46 and 50?
2
What is the highest common factor of 20 and 265?
5
What is the greatest common divisor of 13 and 2?
1
What is the greatest common divisor of 418 and 3002?
38
Calculate the greatest common divisor of 594 and 1254.
66
What is the highest common divisor of 135 and 378?
27
Calculate the highest common factor of 141 and 6.
3
What is the greatest common factor of 7 and 41279?
7
What is the highest common factor of 352 and 264?
88
Calculate the highest common divisor of 94 and 329.
47
What is the highest common divisor of 344 and 43?
43
Calculate the highest common factor of 301 and 7.
7
What is the highest common divisor of 6870 and 120?
30
What is the highest common divisor of 3 and 93?
3
Calculate the highest common factor of 912 and 64.
16
Calculate the greatest common divisor of 896 and 28.
28
Calculate the greatest common divisor of 40 and 19640.
40
What is the greatest common divisor of 1701 and 7?
7
Calculate the greatest common divisor of 1106 and 28.
14
Calculate the greatest common factor of 14 and 84.
14
Calculate the highest common divisor of 187 and 68.
17
What is the greatest common divisor of 20 and 4460?
20
What is the highest common divisor of 400 and 1750?
50
What is the highest common divisor of 115 and 5405?
115
What is the highest common divisor of 42 and 56?
14
What is the greatest common factor of 35 and 2485?
35
What is the highest common divisor of 44 and 4994?
22
Calculate the greatest common divisor of 15285 and 5.
5
What is the highest common factor of 40 and 36?
4
Calculate the greatest common factor of 368 and 805.
23
Calculate the highest common divisor of 30 and 690.
30
What is the highest common divisor of 8445 and 15?
15
What is the greatest common divisor of 852 and 120?
12
What is the highest common divisor of 73 and 146?
73
What is the highest common divisor of 115 and 46?
23
What is the greatest common factor of 71 and 9514?
71
Calculate the highest common factor of 61 and 61.
61
Calculate the highest common factor of 221 and 136.
17
Calculate the highest common divisor of 954 and 18.
18
What is the greatest common divisor of 166 and 4399?
83
What is the highest common factor of 416 and 6032?
208
Calculate the highest common factor of 3015 and 1407.
201
Calculate the greatest common divisor of 96 and 24.
24
What is the highest common divisor of 3034 and 123?
41
Calculate the highest common divisor of 169 and 2535.
169
Calculate the greatest common divisor of 492 and 96.
12
Calculate the highest common factor of 15 and 35.
5
What is the highest common divisor of 85 and 119?
17
Calculate the greatest common factor of 533 and 13.
13
Calculate the greatest common divisor of 27 and 459.
27
What is the highest common divisor of 154 and 1001?
77
What is the greatest common factor of 111 and 18759?
111
Calculate the highest common factor of 118 and 59.
59
Calculate the greatest common factor of 50 and 850.
50
Calculate the highest common divisor of 210 and 90.
30
Calculate the highest common factor of 6 and 8934.
6
What is the highest common factor of 72 and 84?
12
What is the highest common factor of 1220 and 20?
20
Calculate the highest common divisor of 256 and 1424.
16
Calculate the greatest common divisor of 420 and 756.
84
What is the greatest common factor of 44 and 220?
44
What is the greatest common divisor of 35 and 560?
35
What is the highest common factor of 240 and 6960?
240
What is the greatest common factor of 7360 and 680?
40
What is the greatest common divisor of 55 and 35?
5
Calculate the greatest common factor of 711 and 45.
9
What is the greatest common factor of 132 and 231?
33
Calculate the greatest common divisor of 9 and 13.
1
Calculate the highest common divisor of 42 and 2.
2
Calculate the greatest common divisor of 51 and 10251.
51
What is the greatest common divisor of 299 and 689?
13
What is the greatest common divisor of 212 and 159?
53
Calculate the highest common divisor of 36081 and 38.
19
Calculate the greatest common factor of 105 and 1505.
35
What is the highest common divisor of 57 and 1311?
57
What is the greatest common divisor of 1074 and 30?
6
What is the highest common factor of 783 and 290?
29
Calculate the highest common factor of 14 and 1834.
14
Calculate the greatest common divisor of 4606 and 98.
98
What is the highest common divisor of 341 and 44?
11
What is the highest common factor of 11 and 451?
11
What is the greatest common divisor of 19 and 3629?
19
Calculate the highest common divisor of 19 and 437.
19
Calculate the highest common divisor of 7956 and 156.
156
Calculate the greatest common divisor of 155 and 5.
5
What is the greatest common divisor of 70956 and 73?
73
Calculate the greatest common factor of 81 and 90.
9
Calculate the highest common divisor of 95 and 38.
19
Calculate the greatest common factor of 17 and 153.
17
Calculate the highest common divisor of 5371 and 82.
41
What is the greatest common divisor of 575 and 125?
25
What is the highest common divisor of 567 and 81?
81
Calculate the greatest common factor of 29 and 319.
29
What is the highest common factor of 96 and 240?
48
Calculate the highest common divisor of 222 and 1702.
74
What is the highest common factor of 1643 and 31?
31
What is the greatest common divisor of 930 and 93?
93
What is the greatest common divisor of 222 and 370?
74
Calculate the greatest common divisor of 1715 and 19208.
343
Calculate the greatest common factor of 152 and 836.
76
What is the greatest common factor of 240 and 1230?
30
What is the greatest common divisor of 232 and 29?
29
Calculate the highest common divisor of 656 and 16.
16
What is the greatest common factor of 255 and 87465?
255
What is the greatest common factor of 2268 and 448?
28
What is the highest common